a factor of u(t)?
False
Let y = -92 - -102. Suppose 0 = -i + 6*i - y, -i - 142 = -2*b. Is 12 a factor of ((-14)/(-21) - (-1)/(-6))*b?
True
Let x = -200 - -568. Let t = -157 + x. Does 4 divide t?
False
Let r(d) = 32*d - 4. Let f be r(5). Suppose -t + 2*t - f = 0. Does 10 divide 4080/t - (-2)/(-13)?
False
Let z = 15487 - 9503. Is z a multiple of 68?
True
Suppose 82*u - 85*u - 12047 = -2*j, -35 = 5*u. Does 7 divide j?
True
Let g(x) = x**3 - 19*x**2 - 20*x + 9. Let s be g(20). Suppose s*n - 4*n - 72 = 3*q, -n + 2*q = -20. Suppose -n*l = -81 - 39. Is l even?
True
Let z be (-12)/27 - (-234536)/72. Suppose z = 4*m - r, 3*r = -11*m + 15*m - 3259. Is m a multiple of 37?
True
Suppose 2*n - 43 - 171 = -5*s, n = 2*s - 91. Suppose 2301 = -s*a + 57*a. Is 20 a factor of a?
False
Is 37 a factor of (6/12)/(-6*(-5)/361860)?
True
Let n(r) = -r**3 - 21*r**2 - 19*r + 14. Suppose x = -0*x - 20. Let h be n(x). Does 6 divide h/(120/63 - 2)?
False
Let m be 2/(-24)*3*0. Let x(a) = a**3 + 5*a**2 + a + 72. Is x(m) a multiple of 11?
False
Let n = -60 + 33. Let u = n + 30. Suppose -4*i - 2*q + 306 = -150, -u*i = -2*q - 342. Does 19 divide i?
True
Is 265 a factor of ((-13305)/(-2))/(4*6/144)?
False
Suppose 5*i = -1058 + 278. Let k = 302 + i. Suppose -6*y + k = 32. Is 5 a factor of y?
False
Is (6/33)/((-77)/(-121)) - 524290/(-35) a multiple of 71?
False
Let x = 8 + -8. Is 11 a factor of (-8744)/(-20) - x - 1/5?
False
Let u = 10461 + 8936. Does 26 divide u?
False
Is (-3)/(36/1752)*(283 + 1)/(-2) a multiple of 50?
False
Let x = -4 - 30. Let l = x - -28. Is l/(-3 - (-228)/80) a multiple of 9?
False
Let o be (-41)/3*(-8 - -26). Is 12 a factor of (-25)/25*(o + -2 + 1)?
False
Suppose -3*w + 166 = 5*d + w, -3*d + 102 = 3*w. Let u = d + 63. Is u a multiple of 3?
True
Let y be 0/(-4 + (8 - 3)). Suppose y = -3*k + 2*k + 2. Suppose 145 = k*g - 11. Is g a multiple of 13?
True
Let k(c) = -685*c - 17. Let l be k(-2). Let h = l - 939. Is -5 + (-13)/((-39)/h) a multiple of 49?
False
Suppose 216*k - 215*k = 40. Does 14 divide ((-504)/k)/(6/(-100))?
True
Suppose p - 2*g - 11 - 9 = 0, -4*g + 50 = 3*p. Suppose 0 = -y - 2, c + y = -4*c + p. Suppose -c*w = -1071 + 343. Does 35 divide w?
False
Let r(l) = 9 + 26 - 4*l - 197 - 128*l. Does 18 divide r(-6)?
True
Is 13249 - 3*((-70)/30 + 0) a multiple of 189?
False
Let z(o) = -26*o**2. Let k be z(6). Let x = 633 + k. Let m = 438 + x. Is m a multiple of 15?
True
Suppose 3*f = 4*g - 575 + 175, 0 = -g + 2*f + 100. Suppose 0 = x + 4*a - g, -416 = -2*x - 3*x + a. Is 7 a factor of x?
True
Let w(n) = 12*n**3 + 10*n**2 - 8*n + 24. Suppose 0 = -2*l + 5*c + 8, -4*l - c + 0*c + 16 = 0. Does 46 divide w(l)?
True
Let n(a) = -139*a**2 - a - 4. Let v be n(-2). Let g = -529 - v. Does 7 divide g?
False
Let g(x) be the first derivative of -x**3/3 + 5*x**2 + 13*x - 4. Let o = 48 - 41. Is g(o) a multiple of 8?
False
Let i(o) = 678*o**3 + o**2 - 1. Let t be i(-1). Let f = t - -1162. Is 16 a factor of f?
False
Let x = -88 + 126. Let y(t) = -2*t**2 + t + 17. Let g be y(0). Suppose c + f = g + 19, c + 2*f = x. Is c a multiple of 14?
False
Suppose -h = -3 - 0. Suppose c - 129 = 5*y, -c + 0*y + 113 = h*y. Does 11 divide c?
False
Suppose 3*v + 3*m - 4080 = 0, -17*m - 5440 = -4*v - 16*m. Is 21 a factor of v?
False
Suppose -4*r + 154 = -2*j, 0*j = -4*j + 4. Let k = -32 + r. Is 6 a factor of 32 - k - (-3)/(-3)?
True
Suppose 0 = -5*b + 5*y - 30, -b = 3*b + 4*y. Is 50 a factor of 8/(-84)*b - (-6156)/14?
False
Let g be 10/(36/10 - 4)*-1. Let l = 91 + 13. Let t = l + g. Is t a multiple of 13?
False
Let c(y) = -36 - 5*y**2 + 5*y - 3*y - y. Let j be c(15). Does 22 divide j/(-13) - 10/65?
True
Let z be (-5601)/(-4) - (-3 + (-65)/(-20)). Suppose 0*g = -5*m + g + 22, 4*m = -2*g + 12. Suppose -z = -m*w - w. Is w a multiple of 28?
True
Suppose -4*h = z - 27, -5*h + 1 = 6. Is 9 a factor of -4 + 1 + z*21?
True
Let k(h) = 2*h**2 + 27*h - 11. Let a be k(-19). Let z = 12 + a. Suppose -3*u + 10*u - z = 0. Is 10 a factor of u?
True
Does 17 divide (680 + -47)*119/21?
True
Let n be 1*(9 + (-16)/4). Suppose m - 125 = -4*y, -2*y + 376 - 1 = 3*m. Suppose 4*q - 49 = -2*l + 49, -5*q = n*l - m. Is q a multiple of 12?
True
Let d = 125 - 147. Let t be 11/d*(2 - 10). Is (1 + 97 + t)/(-2 - -3) a multiple of 4?
False
Let k(r) = 8*r**2 + 7*r + 3. Let g be k(-3). Let z(u) = 65*u + 3 - 3 - g*u. Is 11 a factor of z(1)?
True
Suppose 4*m + n = 15, 7 - 1 = 3*m - n. Let f(y) = 2*y + 3 - y + 3*y**2 - m*y + 60*y**3 - 58*y**3. Is f(2) a multiple of 9?
True
Suppose 30*z - 240127 = 3*z - 19564. Does 40 divide z?
False
Let c(l) be the second derivative of -l**5/10 + 7*l**4/4 + 3*l**3/2 - 6*l**2 - 57*l. Is c(10) a multiple of 6?
False
Suppose -2*x = 5*x + 36062 - 100273. Is 20 a factor of x?
False
Let l = -63 - -67. Let u(s) = 14*s**2 - 3*s + 3. Is u(l) a multiple of 43?
True
Let q be 28*-1*(-25)/(-20). Does 6 divide 15/35 + (-7195)/q?
False
Let a(r) = r**2 - 5*r - 3381. Is 4 a factor of a(-96)?
False
Let z(c) be the third derivative of c**6/360 - c**5/60 + 5*c**4/24 + 7*c**3/2 + 13*c**2. Let w(i) be the first derivative of z(i). Is 18 a factor of w(5)?
False
Let d(c) = -1192*c + 8052. Is d(-6) a multiple of 21?
True
Let s = -37174 + 42061. Does 4 divide s?
False
Does 54 divide 8/(-6) + 6043/3?
False
Let a = -16 + 16. Suppose -3*p + c + 24 = a, -42 = -5*p + 4*c + 5. Let w(z) = z**2 + z. Is w(p) a multiple of 8?
True
Let y be -2*(-3)/4*2. Let c(j) = 10*j + 0 + 3*j + 33*j - 4 + 1. Is c(y) a multiple of 17?
False
Let z = 130 - 76. Suppose 0 = 3*l - o - 139, 0*l - 4*l - 4*o + 196 = 0. Let x = z - l. Is x a multiple of 5?
False
Let w = 12 + -48. Let i = 39 + w. Is 18*(0 - (-12)/i) a multiple of 18?
True
Let m(q) be the third derivative of q**4/6 + 11*q**3 - 2*q**2 + 21. Let o be m(-15). Suppose 0*k = -o*k + 642. Is 28 a factor of k?
False
Let d(v) = -v. Let p(o) = o**3 + 3*o**2 - 5*o + 5. Let n(i) = -6*d(i) - p(i). Let y be n(-5). Is 11 a factor of 74*1 - -2*(-15)/y?
True
Does 9 divide 12/18 + (-1666)/(-21)?
False
Let b be (4 + -821 + 2)*(-21)/35. Let m = b - 384. Does 35 divide m?
True
Suppose -10*h = -1933 - 7767. Is (-6)/9 + h/15 a multiple of 64?
True
Suppose -5*b + 4*k + 275 = 0, k + 260 = 5*b - 0*k. Let x = 61 - b. Suppose -326 = -x*d + 234. Is d a multiple of 14?
True
Let b = -29 + 31. Suppose b*n + 2*x - 298 = 50, 0 = -3*n + 3*x + 546. Suppose 0 = -5*o + 7*o - n. Is 33 a factor of o?
False
Let w = -18321 + 26739. Is 23 a factor of w?
True
Let r = 88 - 86. Let b be ((-27)/r)/(-4*(-6)/64). Let o = b + 158. Does 15 divide o?
False
Suppose -88*z + 1240935 + 57321 = 23*z. Does 57 divide z?
False
Suppose 3*n + 7 = 4*t, 3*n = -2*n + t + 11. Suppose -9*m + 920 = -5*m - 5*a, 0 = n*a - 12. Does 5 divide m?
True
Let a(k) = -11*k + 181*k**2 + 18 - 8 + 68*k**2 - 2 + 4. Is a(1) a multiple of 6?
False
Suppose 0 = -2*i + 5*w - 2, 2*w - 20 = -3*w. Suppose -5*x - 1496 = -i*x. Does 34 divide x?
True
Is 40/((-2)/(-720)*5) a multiple of 24?
True
Let n(s) be the first derivative of -31*s**4/12 - 2*s**3/3 + s**2 + 9. Let c(a) be the second derivative of n(a). Does 15 divide c(-2)?
True
Let n(j) = 30*j - 27. Let f(a) = -1. Let u(q) = 22*f(q) + 2*n(q). Is 7 a factor of u(6)?
False
Let o(n) be the third derivative of -23*n**2 - 5/8*n**4 + 0 + 0*n + 1/6*n**3. Is o(-1) a multiple of 6?
False
Let w = -49 - -66. Let v = w + -15. Suppose 4*r - 137 = -5*k, -5*r + v*k = -0*r - 130. Is 14 a factor of r?
True
Let d = -59 + 69. Let r(y) = -y**2 + 12*y - 8. Let x be r(d). Suppose 0 = -7*m + x*m - 1120. Is 14 a factor of m?
True
Let f(w) = w**2 + 7*w - 5. Let i be f(-8). Let m(s) = -s**2 + 13*s - 15*s - 4*s**i + 8 + 11*s. Does 10 divide m(-3)?
True
Let k(d) = -d**3 - 2*d + 2. Let t be k(-2). Suppose -37 = -5*f + 4*c, 3*f = -f - 2*c + t. Does 2 divide (3/f)/(2/30)?
False
Let g = 1091 + -248. Let b = 1246 - g. Is 31 a factor of b?
True
Let q be 2/14 - (21040/(-14))/8. Suppose 0 = l + 2*u - q, -2*l - 4*u + 379 = -u. Is 24 a factor of l?
False
Suppose -28*j + 216 = -j. Is 5/5 - (-400)/j a multiple of 17?
True
Suppose -2*k + r = -7*k + 50554, 0 = -k + r + 10106. Is 19 a factor of k?
False
Suppose 0*n - 2*n + 6 = 0. Is 22 a factor of 10170/60*(1/n + 1)?
False
Suppose 0*g - 12*v - 37344 = -3*g, -3*v = 4*g - 49716. Is g a multiple of 16?
True
Let l(v) = v**2 - 2*v